 Let b(t) = -4*t + 128. Let x be b(-14). Let i = x - r. What is the units digit of i?
7
Suppose -76*z - 154766 = -81*z - 4*f, 4*f = -4*z + 123812. What is the units digit of z?
4
Suppose -5*d = -114 - 26. Suppose -2*p - 28 = -0*g - g, -2*p + d = g. Suppose -g*s = -32*s + 472. What is the tens digit of s?
1
Suppose -68583 = -5*v - 2*t, 5*t + 8484 = v - 5238. Suppose -181*p = -170*p - v. What is the hundreds digit of p?
2
Let n = -642 + 666. What is the tens digit of (-58275)/(-56) - (-9)/n?
4
Suppose -k + 0*k - 5*a = -41320, 3*k + 4*a = 123883. What is the hundreds digit of k?
2
What is the tens digit of -94338*((-10)/3 + 17 + -14)?
4
Suppose 2*v + 146 = -2*d + 11278, 27806 = 5*d + v. What is the units digit of d?
0
Let c = -2375 + 14390. What is the hundreds digit of c?
0
What is the thousands digit of (-44)/10*988890/(-476)?
9
Suppose -1247*t = -1270*t + 1170585. What is the hundreds digit of t?
8
Let t(k) = 34*k + 85. Suppose 4*i + 62 = 2*l, -6*i + 9*i = -4*l + 102. What is the tens digit of t(l)?
0
Let h = 50 - 17. Let w = h + -117. Let r = w - -124. What is the units digit of r?
0
What is the units digit of (-422686)/(-4)*688/3784?
3
Let x = 325 + -309. Suppose x*r - 11637 = -2069. What is the units digit of r?
8
Let p be (-2097)/(-6) + 1/2. Suppose -4*q + j + 180 = -2*q, p = 4*q + 3*j. What is the tens digit of q?
8
Let o(q) be the third derivative of 15*q**2 + 11/24*q**4 + 0*q + 0 + 25/6*q**3. What is the units digit of o(10)?
5
Let q(v) = -v**2 - 23*v + 30. Let g be q(-18). Let j = g - 20. What is the tens digit of j?
0
Let v = 304 + 1623. What is the tens digit of v?
2
Let i(z) = -z**3 - 11*z**2 - 5*z + 17. Let b be i(-6). Let y = 392 + b. What is the tens digit of y?
5
Let j(q) = q**3 - 21*q**2 + 23*q - 3. Let i(r) = -r**3 - 2*r**2 + r - 1. Let b(f) = -2*i(f) + j(f). What is the tens digit of b(8)?
1
Let x = 15364 + -8248. What is the units digit of x?
6
What is the tens digit of (-61866)/(7 + -16) + 1?
7
Let v(y) = -7*y + 62. Let c be v(9). What is the hundreds digit of 849/5 + c - 8/(-40)?
1
Suppose 333*b = -5*c + 330*b + 200125, -2*c + 80046 = 2*b. What is the thousands digit of c?
0
Let u be 22/209 - 300/(-38). Suppose 3*y - 2*t - 1335 = 0, -4*y + t - 1769 = -u*y. What is the units digit of y?
3
Let s = -14249 + 38489. What is the thousands digit of s?
4
Let x(j) = -234*j - 79. Let z(b) = -1172*b - 393. Let h(v) = 11*x(v) - 2*z(v). What is the hundreds digit of h(-4)?
8
Let f be (-34)/51*(-3966)/4. Let q = -483 + f. What is the tens digit of q?
7
Suppose 2*s = -4*i - i + 42, -s = i - 9. Let b(d) = 41*d + 65. What is the units digit of b(i)?
3
What is the units digit of (2 + (-19655)/5)/(2/(-8)*2)?
8
Suppose 59 - 179 = -6*w. Let u be (-6)/4*w/6. What is the tens digit of 840/16*(-4)/u?
4
Let b = -16607 + 28576. What is the hundreds digit of b?
9
Let h(a) = 3*a**2 - 3*a + 2. Let r be h(1). Suppose 3*z - r*z + 8172 = 0. What is the hundreds digit of z/(-66) - 4/(-22)?
1
What is the tens digit of (-9878 + -24)/((-28)/6) + 1/7?
2
What is the hundreds digit of 30/55 - (-11)/(121/120323)?
9
Suppose 0 = -y - w + 56178, -1572 = 2*y + 3*w - 113933. What is the units digit of y?
3
Suppose 22*z - 262418 - 298054 = 0. Suppose 12*j = -10*j + z. What is the hundreds digit of j?
1
Let b be (70/8)/(-7)*-12. Let o(x) = 169*x**3 - 7*x**2 - 13*x - 7*x**2 + 6 - 168*x**3. What is the units digit of o(b)?
6
Let z = -86 - -86. Let d be (-108)/(-9)*(3 - z). Suppose d + 452 = 4*n. What is the tens digit of n?
2
Suppose 0 = -2*t - 10*u + 5*u + 6523, 4*t - 4*u = 13032. What is the tens digit of t?
5
Let y = -101666 - -182374. What is the thousands digit of y?
0
Suppose y + 47 + 6 = 0. Let j = 1161 + y. What is the units digit of j?
8
What is the tens digit of 650/3*(14 + -12 - (-249)/6)?
2
Let t be (29 - 121)/(-1 + 0). What is the tens digit of 23/t + (-5756)/(-16)?
6
Let w = 79693 - 19579. What is the units digit of w?
4
Let g be 168/(-63)*(-6)/4 - -2. Suppose l + m = g*l - 1372, -5*m + 1086 = 4*l. What is the units digit of l?
4
Let i = -363 + 907. Let l = -56 - i. What is the units digit of (l/18)/(-2) + 4/(-6)?
6
What is the tens digit of (5 - 2) + (18/(-10))/(10/(-25650))?
2
Let s(q) = 55*q + 5 + q**2 - 55*q. Let f be s(3). Suppose 0 = 13*t - f*t + 60. What is the tens digit of t?
6
Suppose 6*i - 16 = 56. Suppose -4*h - 2*d = -0*d - i, 3*h + 5 = -5*d. Suppose h*a - 4*y = -y + 385, 2*y = 0. What is the units digit of a?
7
Let y(s) = 9*s**2 + 17*s + 35. Let o be y(-4). Let n = 461 - o. What is the hundreds digit of n?
3
Let z be 4/(40/(-1055))*-2. Let l = 101 - z. What is the tens digit of (108/45)/((-4)/l)?
6
Let s(l) = 173*l**2 - 10*l + 39. What is the tens digit of s(5)?
1
Suppose -126*t + 20 = -130*t. Let y be t + 8/(-4)*5. What is the units digit of ((-8)/(240/(-18)))/((-1)/y)?
9
What is the tens digit of (50/4)/5*(-163872)/(-40)?
4
Suppose -3378 - 25458 = -6*b. What is the tens digit of b?
0
Suppose 5*u - 60455 = -5*q, 18*q - 13*q + 2*u - 60461 = 0. What is the tens digit of q?
9
What is the ten thousands digit of 13614*4 + -3 - (45 + -57)?
5
Let m = -955 + 953. What is the tens digit of m*(-4 - (-11421)/(-18))?
7
Let b = -278 + -108. Let z = b - -1027. What is the hundreds digit of z?
6
Let z be 132/(-462) + 4/14. Suppose -d + 5*n + 750 = z, 3*d - n = -0*d + 2194. What is the hundreds digit of d?
7
Let w(i) = -7*i**2 - 28*i - 33. Let r be w(10). Let f = -522 - r. What is the hundreds digit of f?
4
Suppose 2*x + 32448 = -11*o + 14*o, 2*x + 10820 = o. What is the thousands digit of o?
0
Suppose 3 = -2*m + 5*m, -5*o + m + 404 = 0. Let v be (-2)/8 + o/36. Suppose -3*a - a + n + 116 = 0, -a - v*n = -38. What is the units digit of a?
0
Suppose 0 = 9*g - 11*g - 13*g. Suppose g = -5*w + a + 1440, -3*w + 6*a + 866 = 5*a. What is the units digit of w?
7
Let m = -53 + 51. Let f be ((-3)/(-12) - 19/(-4)) + m. Suppose -3*j + 5*u = -394, f*j - 5*j + 258 = -u. What is the tens digit of j?
2
Let b be 126/(-147) + (-2662)/14. Let y = b - -355. What is the hundreds digit of y?
1
Suppose 10*q + 6*q = -26*q + 1347948. What is the tens digit of q?
9
Suppose -2*z = -z - 9. Suppose -a - 152 = -2*b - 743, 0 = b. Suppose 237 = z*w - a. What is the units digit of w?
2
Let k(r) = r**3 + 13*r**2 - 4*r - 24. Let q be k(-13). Suppose -4*c - q = -12. What is the tens digit of -62*(-3)/(7/((-14)/c))?
9
What is the ten thousands digit of 3*(-39)/((-1521)/758888)?
5
What is the thousands digit of 1148 + -12*1/(-4)?
1
Let k(f) = -f + 12. Let b be k(10). Suppose 5*i - h - 26 = b*i, 3*h - 48 = -5*i. What is the tens digit of 74 - 5/(15/i)?
7
Let b be -1*((-18)/(-6) - 0). What is the tens digit of 27/(-9)*(b - (0 - -191))?
8
Let r(g) = 12699*g**2 + 67*g - 64. What is the hundreds digit of r(1)?
7
What is the tens digit of (-4790973)/(-429) - 6/(-26)?
6
Let m(r) = 9*r - 72. Let s be m(8). Suppose -5*j + 2*o = -3325, 2*j + 5*o - 1301 = -s*j. What is the hundreds digit of j?
6
Suppose 0 = l + 4*z - 4 - 1, 0 = -4*l - 4*z + 20. Suppose l*k - 634 - 251 = 0. What is the hundreds digit of k?
1
Let b be 3*(-2)/(-27) - 43/(-9). Suppose 2*i - 3 = 1, 0 = 2*q + b*i - 284. What is the hundreds digit of q?
1
Let d = 7616 + -7225. Let m be (-1 - 7)/2*-26. Suppose d = 2*n + 3*k, 3*n - 4*k - m = 457. What is the hundreds digit of n?
1
What is the units digit of -12224*((-990)/(-72))/(-5)?
6
Let b be (2/3)/((-25)/(-1681200)). Suppose -34*t + b = -17524. What is the units digit of t?
4
Let d = 61305 - 28956. What is the units digit of d?
9
Let k be (0 + 36/30)*-980. Let s = k + 1673. What is the hundreds digit of s?
4
Let j(l) = 3*l**2 + 10*l - 6. Let n be j(3). Let r(p) = -p**3 - p**2 - 2*p - 1. Let b be r(-4). Suppose -n*t = -b*t + 216. What is the units digit of t?
4
Suppose -3 = -3*q + 2*q. Let w be ((-24)/(-36))/(2 - 5/q). What is the units digit of (w/(-8))/((-9)/108)?
3
Let a = -13 + 20. Suppose -4 = -8*k + a*k. What is the units digit of (-91)/(-1) - 2/(k/(-6))?
4
Let m = 200 + 13. Let u be 5/(-10) + ((-1125)/(-10) - 3). Suppose 2*x + s - m = 0, 3*x - 4*x + u = s. What is the tens digit of x?
0
Suppose -96 = u - 125. Suppose -u*y = -5703 - 1286. What is the units digit of y?
1
Suppose -16*a + 24*a = 24. Suppose a*o - 5732 = -2*y, -3*o + 230 + 5498 = 4*y. What is the tens digit of (o/30 - (-3)